{"id":10,"date":"2013-04-11T14:41:41","date_gmt":"2013-04-11T12:41:41","guid":{"rendered":"http:\/\/nofracking.wendland-daten.de\/wordpress\/?page_id=10"},"modified":"2018-07-19T17:13:41","modified_gmt":"2018-07-19T15:13:41","slug":"impressum","status":"publish","type":"page","link":"https:\/\/erdgas-erdoel-fracking-wendland.de\/?page_id=10","title":{"rendered":"Impressum"},"content":{"rendered":"<h1>Vorl\u00e4ufiges Impressum (Seite ist im Aufbau)<\/h1>\n<p>Vereins-Vorstand:<br \/>\nMartin Donat<\/p>\n<p>Eingetragen bei:<br \/>\nAmtsgericht L\u00fcneburg<br \/>\nRegistergericht<br \/>\nAm Ochsenmarkt 3<br \/>\n21335 L\u00fcneburg<br \/>\nRegisterblatt Nr. VR 120018<\/p>\n<p>Das <strong>Internetangebot www.bi-luechow-dannenberg.de<\/strong> versteht sich als v\u00f6llig unabh\u00e4ngiges, unkommerzielles Informationsangebot. Hierbei spielen keinerlei gesch\u00e4ftliche Interessen eine Rolle. Alle Arbeiten werden von einem Personenkreis get\u00e4tigt, der ehrenamtlich und unentgeltlich diese verrichtet.<\/p>\n<p>Kontakt zur BI Umweltschutz L\u00fcchow-Dannenberg erhalten Sie per Mail an die Adresse\u00a0<a title=\"Zum Kontaktformular\" href=\"http:\/\/www.bi-luechow-dannenberg.de\/kontakt\/formular\" target=\"_self\">webmaster[\u00e4tt]bi-luechow-dannenberg.de<\/a> ([\u00e4tt] durch @ ersetzen).<\/p>\n<p>Weitere Kontaktm\u00f6glichkeiten finden Sie auf unserer <a title=\"Zum Kontakt\" href=\"http:\/\/no-fracking-wendland.de\/?page_id=592\" target=\"_self\">Kontaktseite<\/a>.<\/p>\n<p><a name=\"informationen-zum-haftungsausschluss-sowie-zum-inhalt-des-onlineangebotes\"><\/a><a name=\"toc-anchor-40-1\"><\/a><\/p>\n<h3><strong>Informationen zum Haftungsausschluss sowie zum Inhalt des Onlineangebotes<\/strong><\/h3>\n<p>Allgemeiner Haftungshinweis: Trotz sorgf\u00e4ltiger inhaltlicher Kontrolle \u00fcbernehmen wir keine Haftung f\u00fcr die Inhalte externer Links. F\u00fcr die verlinkten Seite ist ausschlie\u00dflich deren Betreiber verantwortlich<\/p>\n<p><a name=\"1-allgemeines-zur-haftung\"><\/a><a name=\"toc-anchor-40-2\"><\/a><\/p>\n<h4>1. Allgemeines zur Haftung<\/h4>\n<p>Der Autor \u00fcbernimmt keinerlei Gew\u00e4hr f\u00fcr die Aktualit\u00e4t, Korrektheit, Vollst\u00e4ndigkeit oder Qualit\u00e4t der bereitgestellten Informationen. Haftungsanspr\u00fcche gegen den Autor, welche sich auf Sch\u00e4den materieller oder ideeller Art beziehen, die durch die Nutzung oder Nichtnutzung der dargebotenen Informationen bzw. durch die Nutzung fehlerhafter und unvollst\u00e4ndiger Informationen verursacht wurden, sind grunds\u00e4tzlich ausgeschlossen, sofern seitens des Autors kein nachweislich vors\u00e4tzliches oder grob fahrl\u00e4ssiges Verschulden vorliegt. Alle Angebote sind freibleibend und unverbindlich. Der Autor beh\u00e4lt es sich ausdr\u00fccklich vor, Teile der Seiten oder das gesamte Angebot ohne gesonderte Ank\u00fcndigung zu ver\u00e4ndern, zu erg\u00e4nzen, zu l\u00f6schen oder die Ver\u00f6ffentlichung zeitweise oder endg\u00fcltig einzustellen.<\/p>\n<p><a name=\"2-verweise-und-links\"><\/a><a name=\"toc-anchor-40-3\"><\/a><\/p>\n<h4>2. Verweise und Links<\/h4>\n<p>Bei direkten oder indirekten Verweisen auf fremde Webseiten (\u201cHyperlinks\u201d), die au\u00dferhalb des Verantwortungsbereiches des Autors liegen, w\u00fcrde eine Haftungsverpflichtung ausschlie\u00dflich in dem Fall in Kraft treten, in dem der Autor von den Inhalten Kenntnis hat und es ihm technisch m\u00f6glich und zumutbar w\u00e4re, die Nutzung im Falle rechtswidriger Inhalte zu verhindern. Diese Feststellung gilt f\u00fcr alle innerhalb des eigenen Internetangebotes gesetzten Links und Verweise sowie f\u00fcr Fremdeintr\u00e4ge in vom Autor eingerichteten G\u00e4steb\u00fcchern, Diskussionsforen und Mailinglisten. F\u00fcr illegale, fehlerhafte oder unvollst\u00e4ndige Inhalte und insbesondere f\u00fcr Sch\u00e4den, die aus der Nutzung oder Nichtnutzung solcherart dargebotener Informationen entstehen, haftet allein der Anbieter der Seite, auf welche verwiesen wurde, nicht derjenige, der \u00fcber Links auf die jeweilige Ver\u00f6ffentlichung lediglich verweist.<\/p>\n<p><a name=\"3-urheber-und-kennzeichenrecht\"><\/a><a name=\"toc-anchor-40-4\"><\/a><\/p>\n<h4>3. Urheber- und Kennzeichenrecht<\/h4>\n<p>Der Autor ist bestrebt, in allen Publikationen die Urheberrechte der verwendeten Grafiken, Tondokumente, Videosequenzen und Texte zu beachten. Bei allen verwendeten Grafiken, die nicht selbst erstellt wurden, befindet sich auf der jeweiligen Seite eine Information zur Herkunft. Ein Urheberrecht f\u00fcr ver\u00f6ffentlichte, vom Autor selbst erstellte Objekte oder Grafiken \/ Fotos nimmt der Autor nicht in Anspruch, diese k\u00f6nnen frei unter Nennung der Quelle verwendet werden.<\/p>\n<p><a name=\"4-hinweis-zum-thema-abmahnung\"><\/a><a name=\"toc-anchor-40-5\"><\/a><\/p>\n<h4>4. Hinweis zum Thema Abmahnung:<\/h4>\n<p>Keine Abmahnung ohne sich vorher mit uns in Verbindung zu setzen. Wenn der Inhalt oder die Aufmachung unserer Seiten gegen fremde Rechte Dritter oder gesetzliche Bestimmungen verst\u00f6\u00dft, so w\u00fcnschen wir eine entsprechende Nachricht ohne Kostennote. Wir werden die entsprechenden Passagen sofort l\u00f6schen, falls zu Recht beanstandet. Von Ihrer Seite ist die Einschaltung eines Rechtsbeistandes nicht erforderlich.<\/p>\n","protected":false},"excerpt":{"rendered":"<p>Vorl\u00e4ufiges Impressum (Seite ist im Aufbau) Vereins-Vorstand: Martin Donat Eingetragen bei: Amtsgericht L\u00fcneburg Registergericht Am Ochsenmarkt 3 21335 L\u00fcneburg Registerblatt Nr. VR 120018 Das Internetangebot www.bi-luechow-dannenberg.de versteht sich als v\u00f6llig unabh\u00e4ngiges, unkommerzielles Informationsangebot. Hierbei spielen keinerlei gesch\u00e4ftliche Interessen eine Rolle. &hellip; <a href=\"https:\/\/erdgas-erdoel-fracking-wendland.de\/?page_id=10\">Weiterlesen <span class=\"meta-nav\">&rarr;<\/span><\/a><\/p>\n","protected":false},"author":1,"featured_media":0,"parent":0,"menu_order":0,"comment_status":"open","ping_status":"open","template":"","meta":[],"categories":[],"tags":[],"_links":{"self":[{"href":"https:\/\/erdgas-erdoel-fracking-wendland.de\/index.php?rest_route=\/wp\/v2\/pages\/10"}],"collection":[{"href":"https:\/\/erdgas-erdoel-fracking-wendland.de\/index.php?rest_route=\/wp\/v2\/pages"}],"about":[{"href":"https:\/\/erdgas-erdoel-fracking-wendland.de\/index.php?rest_route=\/wp\/v2\/types\/page"}],"author":[{"embeddable":true,"href":"https:\/\/erdgas-erdoel-fracking-wendland.de\/index.php?rest_route=\/wp\/v2\/users\/1"}],"replies":[{"embeddable":true,"href":"https:\/\/erdgas-erdoel-fracking-wendland.de\/index.php?rest_route=%2Fwp%2Fv2%2Fcomments&post=10"}],"version-history":[{"count":5,"href":"https:\/\/erdgas-erdoel-fracking-wendland.de\/index.php?rest_route=\/wp\/v2\/pages\/10\/revisions"}],"predecessor-version":[{"id":1945,"href":"https:\/\/erdgas-erdoel-fracking-wendland.de\/index.php?rest_route=\/wp\/v2\/pages\/10\/revisions\/1945"}],"wp:attachment":[{"href":"https:\/\/erdgas-erdoel-fracking-wendland.de\/index.php?rest_route=%2Fwp%2Fv2%2Fmedia&parent=10"}],"wp:term":[{"taxonomy":"category","embeddable":true,"href":"https:\/\/erdgas-erdoel-fracking-wendland.de\/index.php?rest_route=%2Fwp%2Fv2%2Fcategories&post=10"},{"taxonomy":"post_tag","embeddable":true,"href":"https:\/\/erdgas-erdoel-fracking-wendland.de\/index.php?rest_route=%2Fwp%2Fv2%2Ftags&post=10"}],"curies":[{"name":"wp","href":"https:\/\/api.w.org\/{rel}","templated":true}]}}